-10?
-113023303
In base 7, what is -1313 - 443?
-2056
In base 4, what is -33301133 + 1?
-33301132
In base 2, what is -1001 - 10011001000001?
-10011001001010
In base 9, what is -4 + 15414?
15410
In base 3, what is -2121 - -1112101?
1102210
In base 6, what is -135011 - 3?
-135014
In base 2, what is -100100100 + -1011010?
-101111110
In base 3, what is 1201 + -2221000?
-2212022
In base 13, what is -6b8c - 1?
-6b90
In base 4, what is 1231212332 - -2?
1231213000
In base 9, what is 137111 - 1?
137110
In base 9, what is 250 + -400?
-140
In base 11, what is -60a + 1a80?
1471
In base 10, what is 7180 - -32?
7212
In base 3, what is -10020020 - 12022?
-10102112
In base 10, what is 32399 + -23?
32376
In base 15, what is -4aaa + -5?
-4ab0
In base 9, what is -6 + 85617?
85611
In base 3, what is 121 - 1202112010?
-1202111112
In base 4, what is -3 - 2222320?
-2222323
In base 5, what is -11 + 402243?
402232
In base 16, what is 1cb5c - -a?
1cb66
In base 16, what is -12 + -1567?
-1579
In base 13, what is 9 + -9686?
-967a
In base 6, what is 1153 + 1312?
2505
In base 15, what is -b - 8ed6?
-8ee2
In base 10, what is 15 - -1684?
1699
In base 11, what is 19 - 461a?
-4601
In base 4, what is 31210 + 12200?
110010
In base 16, what is -2 - ae3da?
-ae3dc
In base 6, what is -2 + -1400403?
-1400405
In base 5, what is 4301342 + 4?
4301401
In base 10, what is 4 + -3194?
-3190
In base 3, what is -101121102211 - -10?
-101121102201
In base 15, what is -38 + -c2?
-10a
In base 14, what is d + -381b?
-380c
In base 5, what is 4203023141 - 0?
4203023141
In base 8, what is 514 + 7000?
7514
In base 10, what is 43573 + -5?
43568
In base 4, what is -12 - 21133000?
-21133012
In base 7, what is -1 + -43232?
-43233
In base 3, what is 211112021 - -22?
211112120
In base 11, what is 1 + -67a88?
-67a87
In base 4, what is 13 + 2030333?
2031012
In base 5, what is 43343 - -110?
44003
In base 12, what is 2 - 3aab?
-3aa9
In base 4, what is 3132131000 - -11?
3132131011
In base 12, what is 5a69 - -39?
5aa6
In base 14, what is 4 - -100d6?
100da
In base 16, what is -b33e + 5?
-b339
In base 10, what is -2818 + -181?
-2999
In base 2, what is 1000101 + 101000010?
110000111
In base 13, what is 241 - -4c?
290
In base 15, what is 17 + -7cd?
-7b6
In base 15, what is 5 + 38d0?
38d5
In base 15, what is -3bae9 - 4?
-3baed
In base 9, what is 150104 - 4?
150100
In base 11, what is -7a - -36a?
2a0
In base 2, what is 10100000010000 - 110?
10100000001010
In base 15, what is e - e2?
-d3
In base 14, what is 1b0cc + 1?
1b0cd
In base 11, what is -a29 + 23?
-a06
In base 7, what is -3 + -151651?
-151654
In base 15, what is -2 - -3ea?
3e8
In base 12, what is -8a0768 + 3?
-8a0765
In base 11, what is 14 + -435?
-421
In base 3, what is -100211200121 + -10?
-100211200201
In base 14, what is -5 - 1c475?
-1c47a
In base 4, what is 120320 - 102?
120212
In base 15, what is -4365a + -8?
-43663
In base 15, what is 28 + 5b8?
5e1
In base 14, what is -256 + 201?
-55
In base 5, what is -3 - 2311100?
-2311103
In base 15, what is -9c + a?
-92
In base 15, what is 7140 + 0?
7140
In base 4, what is 32 - -1010130?
1010222
In base 8, what is 156630 - 0?
156630
In base 8, what is -10375 + -6?
-10403
In base 14, what is -434 + -26c?
-6a2
In base 8, what is -5 - -3160245?
3160240
In base 7, what is -32541 + -4?
-32545
In base 5, what is 10403024 - 2?
10403022
In base 10, what is -1150 + 23?
-1127
In base 14, what is -13 - -3239?
3226
In base 16, what is -4 + 135fd?
135f9
In base 7, what is -2513 - 1305?
-4121
In base 12, what is -46a - -172?
-2b8
In base 13, what is -2 - -3962?
3960
In base 15, what is -106 - e0?
-1e6
In base 2, what is 100 - 101111001000100?
-101111001000000
In base 4, what is -102 - 232202123?
-232202231
In base 13, what is -1c5ca0 - -5?
-1c5c98
In base 11, what is 134 - 8888?
-8754
In base 8, what is -4 + 23072?
23066
In base 12, what is -103b34 - -1?
-103b33
In base 13, what is 18ac8 + -2c?
18a99
In base 15, what is 1c6 - 590?
-3b9
In base 12, what is 1 - 15b61?
-15b60
In base 12, what is b148 - 58?
b0b0
In base 9, what is -2 - -662376?
662374
In base 9, what is -452 + -142?
-604
In base 2, what is 11100000010 + -101?
11011111101
In base 11, what is 2a4 + -2a?
275
In base 16, what is -1b3a7 + 9?
-1b39e
In base 3, what is -1221121 + 10200?
-1210221
In base 4, what is 2310112 - 1110?
2303002
In base 7, what is 352026 - 2?
352024
In base 7, what is -12511 - -112?
-12366
In base 4, what is 1310023 - -10?
1310033
In base 6, what is -3 + 3354504?
3354501
In base 3, what is -1111 - -12221001?
12212120
In base 10, what is 2 - 121458?
-121456
In base 9, what is 46 - -20688?
20745
In base 6, what is 10303 + -30?
10233
In base 7, what is -46203 + -4?
-46210
In base 3, what is 2 - -200021210?
200021212
In base 16, what is 7fa4 - 6?
7f9e
In base 9, what is 13083 + 36?
13130
In base 3, what is -10 + 22221221?
22221211
In base 10, what is -452 + -487?
-939
In base 3, what is 10 + 120220021212?
120220021222
In base 14, what is -11 - 4c4?
-4d5
In base 7, what is 115412 + -3?
115406
In base 15, what is -128155 + 1?
-128154
In base 4, what is -33 + -112200?
-112233
In base 10, what is 42649 + 5?
42654
In base 4, what is 12 - 1003022332?
-1003022320
In base 6, what is 1114 + -35?
1035
In base 12, what is -1 + -9274?
-9275
In base 15, what is -e3 - -aa?
-38
In base 5, what is -2 + -142020023?
-142020030
In base 9, what is -3023 + 24?
-2888
In base 5, what is -1112212 + 10?
-1112202
In base 16, what is 4 + -15d8aa?
-15d8a6
In base 2, what is -11001100011 + 11001?
-11001001010
In base 4, what is 0 - -10031020?
10031020
In base 15, what is 1 - -e5b7?
e5b8
In base 10, what is 13 - -98390?
98403
In base 2, what is -111110010 + 111010000010?
110010010000
In base 16, what is -1283 + 1f?
-1264
In base 14, what is -951c - 5?
-9523
In base 16, what is 7a2e8 - 2?
7a2e6
In base 16, what is d93 + 9d?
e30
In base 16, what is -1 - -48ce7?
48ce6
In base 15, what is 2 + 14804?
14806
In base 14, what is 1db + -46?
195
In base 10, what is -388 - -2765?
2377
In base 4, what is -301012 + 301?
-300111
In base 14, what is -15c + -d49?
-10a7
In base 9, what is 1162058 - 3?
1162055
In base 7, what is 4 + -131513?
-131506
In base 7, what is 10 - -21514?
21524
In base 7, what is 163 + -524?
-331
In base 15, what is -9632 + -49?
-967b
In base 16, what is 865 - 3a?
82b
In base 12, what is 460 + -b?
451
In base 6, what is 2002 + 55?
2101
In base 9, what is 15 - 36233?
-36217
In base 11, what is a55 - 193?
872
In base 4, what is 222203 + 12?
222221
In base 6, what is -3 - -25123?
25120
In base 4, what is -3 - -311003213?
311003210
In base 8, what is -17224110 - 4?
-17224114
In base 3, what is -110 - -21101210?
21101100
In base 3, what is -1 - -1100020211020?
1100020211012
In base 13, what is 1 + 9299?
929a
In base 16, what is -3cd83 - 5?
-3cd88
In base 2, what is 1010111 - 1011110100?
-1010011101
In base 15, what is 15 + -47?
-32
In base 11, what is 126 - 3a72?
-3947
In base 12, what is 5b - 75a?
-6bb
In base 15, what is -1 - 14de?
-14e0
In base 6, what is -1424003 - 1?
-1424004
In base 8, what is 301 - -267?
570
In base 2, what is 101111000 + -100111100111?
-100001101111
In base 15, what is -3 + -6e5?
-6e8
In base 16, what is 5481 + -15?
546c
In base 4, what is 2 - 2233220?
-2233212
In base 10, what is -1646966 - 5?
-1646971
In base 16, what is 13 + 16e6?
16f9
In base 11, what is 35 - -a4a3?
a528
In base 10, what is 9 - -10054?
10063
In base 10, what is -28081 + 35?
-28046
In base 2, what is -100 + -1000011011001110?
-1000011011010010
In base 4, what is 11 - -10001013?
10001030
In base 16, what is 27 + -828?
-801
In base 12, what is 647160 - -5?
647165
In base 12, what is 7649b - -4?
764a3
In base 14, what is d3 - 54?
7d
In base 6, what is 4544141 - 1?
4544140
In base 2, what is -110111011 - 1001101001?
-10000100100
In base 11, what is a0521 - -4?
a0525
In base 9, what is -2306 - 1?
-2307
In base 16, what is 2f0 - -33?
323
In base 8, what is 102055 - 2?
102053
In base 9, what is 17 - 5?
12
In base 13, what is 9 + -48725?
-48719
In base 16, what is -b - -1abb?
1ab0
In base 3, what is 120211222 + -101?
120211121
In base 16, what is -18 + -9d8?
-9f0
In base 8, what is -3232 - -35?
-3175
In base 5, what is 11341343 - -1?
11341344
In base 12, what is -101 + -590?
-691
In base 14,